1277962687 prime?
False
Is 22664415841 a composite number?
False
Is 721590971 a composite number?
False
Is 3478386619 a prime number?
True
Is 397276037 prime?
False
Is 8244273637 a composite number?
True
Is 376336309 prime?
False
Is 34460892227 a prime number?
False
Is 544971265 a composite number?
True
Is 2461412953 prime?
True
Is 88171599 composite?
True
Is 21223152463 a composite number?
False
Is 1942764793 a composite number?
False
Is 5927053571 a prime number?
False
Is 262249965403 prime?
True
Is 48109346759 a prime number?
False
Is 7290671981 prime?
True
Is 318164881 composite?
True
Is 26248620997 a prime number?
False
Is 60020393231 composite?
False
Is 1079011361 prime?
True
Is 270364033 composite?
False
Is 175839914867 a prime number?
True
Is 39754393 a composite number?
True
Is 712196501 a composite number?
True
Is 2397739249 a prime number?
True
Is 2440659209 a composite number?
False
Is 2562479999 a prime number?
False
Is 190227769 a composite number?
True
Is 674932927 a composite number?
False
Is 1368444299 a prime number?
True
Is 154126715471 composite?
False
Is 75882222349 a composite number?
True
Is 1871669453 a composite number?
False
Is 37966989061 a prime number?
True
Is 286422593 a composite number?
False
Is 12947615617 a composite number?
False
Is 230494637 a prime number?
False
Is 27797652839 a composite number?
True
Is 14770311877 a composite number?
False
Is 599033701 prime?
False
Is 2941646689 a prime number?
True
Is 143022679 composite?
False
Is 429717031 a composite number?
False
Is 154786095109 prime?
False
Is 1256255431 prime?
True
Is 1219921943 composite?
False
Is 1744844167 prime?
False
Is 2600325597 a prime number?
False
Is 1298836829 a composite number?
True
Is 69999689041 composite?
False
Is 621705731 prime?
True
Is 276222587 a prime number?
False
Is 17013436049 a prime number?
True
Is 2928324779 a composite number?
False
Is 1028388563 prime?
True
Is 524417051 a composite number?
False
Is 2163199199 a composite number?
True
Is 10127213167 composite?
False
Is 434862539 composite?
False
Is 21938718385 a prime number?
False
Is 21988351921 prime?
True
Is 5655509507 prime?
True
Is 4604151667 a prime number?
False
Is 86743791851 prime?
False
Is 37720704871 a composite number?
True
Is 533905639 prime?
False
Is 795084541 composite?
False
Is 6296672267 prime?
True
Is 2937920729 a composite number?
True
Is 13620896803 prime?
True
Is 2665778839 composite?
False
Is 723683651 composite?
True
Is 78410968619 a prime number?
True
Is 676366027 a prime number?
True
Is 3537061607 prime?
True
Is 6010299589 a composite number?
True
Is 599374427 composite?
False
Is 794543803 prime?
True
Is 1350080051 a prime number?
False
Is 184798679663 a composite number?
True
Is 4850096813 a prime number?
True
Is 1254955619 composite?
False
Is 165935151071 a prime number?
False
Is 687908237 a prime number?
False
Is 1053594931 a prime number?
False
Is 3597253043 a composite number?
False
Is 18413885891 a prime number?
False
Is 1343309459 a prime number?
False
Is 392425531 a prime number?
False
Is 24988810363 prime?
False
Is 3287230973 a composite number?
True
Is 50873467 a composite number?
False
Is 6931924217 composite?
False
Is 28464374629 a composite number?
True
Is 6154852247 composite?
True
Is 8580046093 a composite number?
False
Is 46960699 composite?
True
Is 319685153959 a composite number?
False
Is 853792969 prime?
True
Is 3052879181 a prime number?
False
Is 4802905829 prime?
False
Is 16336557929 composite?
False
Is 766760151 a prime number?
False
Is 6750329083 a prime number?
False
Is 52511112097 a prime number?
False
Is 29356387999 composite?
True
Is 4976936801 composite?
True
Is 165150581537 prime?
True
Is 8908718569 composite?
True
Is 618206587 a composite number?
True
Is 5194481035 prime?
False
Is 47219827 a prime number?
True
Is 646276513 a composite number?
True
Is 4292153 a prime number?
False
Is 39918965543 a composite number?
False
Is 161062289 prime?
False
Is 6440681977 prime?
False
Is 2946714179 composite?
True
Is 56530043387 a composite number?
False
Is 111017127917 a prime number?
True
Is 1129140247 composite?
False
Is 665666753 prime?
True
Is 15574392409 a prime number?
True
Is 3286175863 a composite number?
True
Is 13295312629 a composite number?
True
Is 27255978407 prime?
False
Is 128635066913 a prime number?
True
Is 567966911 a composite number?
False
Is 36793948099 composite?
True
Is 4514908759 a composite number?
False
Is 24189057241 composite?
False
Is 31428956551 composite?
False
Is 253111423 a composite number?
True
Is 12492585203 composite?
True
Is 1825176167 a prime number?
True
Is 265587097 prime?
False
Is 5704507961 a prime number?
True
Is 142529863061 a composite number?
False
Is 248834461 a prime number?
True
Is 3249539331 prime?
False
Is 470956141 a prime number?
False
Is 5875715941 a composite number?
False
Is 5152778317 prime?
True
Is 47354077861 a prime number?
True
Is 1365135797 a composite number?
False
Is 14559122173 a prime number?
False
Is 104737387 prime?
True
Is 4813704887 composite?
True
Is 9753754349 prime?
False
Is 221773609 a prime number?
True
Is 2355508429 composite?
False
Is 518147915 a prime number?
False
Is 3170477126 a prime number?
False
Is 1286777153 composite?
True
Is 190036432091 prime?
False
Is 15893460311 a composite number?
False
Is 232449941 composite?
True
Is 1065932537 a prime number?
True
Is 1924956889 a prime number?
True
Is 987753881 a prime number?
True
Is 555168851 prime?
True
Is 7865007 a composite number?
True
Is 53100053 prime?
True
Is 4576143797 prime?
True
Is 493108871 composite?
False
Is 32414916881 prime?
False
Is 46859225719 composite?
False
Is 74675853403 composite?
True
Is 5148137837 composite?
True
Is 684825377 prime?
True
Is 66917342209 a composite number?
True
Is 20140277867 prime?
False
Is 24636823 prime?
True
Is 9887869627 a composite number?
False
Is 64082699 a prime number?
False
Is 1547795323 prime?
True
Is 14730467141 a composite number?
True
Is 1310084339 a composite number?
True
Is 43575853 a composite number?
False
Is 1126085927 a composite number?
False
Is 51962356547 a prime number?
False
Is 244959263 prime?
False
Is 5665796585 prime?
False
Is 10791787057 prime?
True
Is 6004589659 a composite number?
True
Is 31447219277 prime?
False
Is 4975657853 a composite number?
False
Is 2917307567 a prime number?
False
Is 2297411411 composite?
True
Is 1897273801 composite?
False
Is 45722755991 prime?
False
Is 7273187015 a prime number?
False
Is 8084293439 composite?
True
Is 239653721761 prime?
True
Is 27687986771 a composite number?
False
Is 16111027567 a composite number?
False
Is 37168141 a composite number?
False
Is 481145813 a composite number?
True
Is 79167000959 a prime number?
False
Is 13332902087 a composite number?
True
Is 10084041053 a composite number?
True
Is 22362914543 a prime number?
True
Is 24679366409 a composite number?
False
Is 28328831789 composite?
True
Is 27078871609 a composite number?
False
Is 181277807 a composite number?
False
Is 704013701 a prime number?
True
Is 5212621021 a composite number?
False
Is 641718067 a prime number?
True
Is 1509663161 a composite number?
False
Is 211098227 prime?
False
Is 82070893 composite?
True
Is 75176693621 composite?
True
Is 3700319957 a prime number?
False
Is 995623487 prime?
True
Is 1879093157 a composite number?
False
Is 3693022687 composite?
False
Is 38456290271 composite?
True
Is 9447951587 composite?
True
Is 43238710259 composite?
True
Is 17226239 a prime number?
True
Is 129368807009 a prime number?
False
Is 8794831609 composite?
True
Is 11153759989 a prime number?
False
Is 4641557 composite?
False
Is 1479710963 prime?
True
Is 3585397289 composite?
False
Is 8253447001 a prime number?
True
Is 59868204749 a composite number?
True
Is 2711891351 a prime number?
False
Is 2107825673 a composite number?
False
Is 28154536561 a prime number?
True
Is 5490489703 a composite number?
True
Is 2750389717 a prime number?
True
Is 2076800879 a prime number?
True
Is 155454823 a prime number?
True
Is 65859991 prime?
False
Is 16230908846 a composite number?
True
Is 1368362137 a composite number?
False
Is 33132329201 composite?
False
Is 74515187807 composite?
False
Is 6971424469 prime?
False
Is 2561416511 a composit